- 75 - 100 = -2*c. List the prime factors of r.
3, 61
Suppose 2 = 3*t - 133. Suppose 3*y - t = -2*y - 3*u, -4*y = -2*u - 36. Let l(i) = i**3 - 9*i**2 + 6*i + 8. List the prime factors of l(y).
2, 31
Suppose 4*i + 356 = 1280. Suppose 5*a = -2*s - i, a - 225 = s + s. List the prime factors of s/(-4) - (-4)/(-16).
2, 7
Let m(a) = 1 - 5*a + 2 - 4. Let g(d) = 2*d**3 - 10*d**2 - 2*d + 3. Let x be g(5). List the prime factors of m(x).
2, 17
Suppose 4947 = 3*x + 3*k, -x + 6*x - 8252 = 2*k. List the prime factors of x.
2, 3, 5, 11
Suppose 5*n - 366 = 2464. List the prime factors of n.
2, 283
Let o = 115 + -107. List the prime factors of 2614/o + (9/12)/3.
3, 109
Let f(k) = k - 1. Let b be f(6). Suppose c - b = 4. Suppose -11*h = -c*h - 32. What are the prime factors of h?
2
List the prime factors of 2/(((-1)/4219)/((-50)/100)).
4219
List the prime factors of 6692/8 - 27/6.
2, 13
Let d = 436 + -281. What are the prime factors of d?
5, 31
Suppose -4*i - 2*k = -12, -3*k + 15 = -0*i + 3*i. Let g be (-7 - -10)*(0 + i). Suppose g*p + f = 63, p + f - 31 = 4*f. List the prime factors of p.
2, 11
Suppose -4*b + 1977 + 2635 = 0. What are the prime factors of b?
1153
Let f(m) = -m**3 + 6*m**2 - 3. Let c be f(6). Let i(z) = 2*z**2 - 5*z - 5. List the prime factors of i(c).
2, 7
Let o = 47 - 11. Suppose 6*c - 2*c = o. List the prime factors of c.
3
Suppose 0 = -z + 2*b + 1683, -3*z = -5*b - 2514 - 2539. List the prime factors of z.
19, 89
Let m(d) = -8*d - 4. Let t be m(-7). Let b = 240 - t. Suppose f - 187 = -3*v, 5*v - 101 = 4*f + b. List the prime factors of v.
61
Suppose 0 = -2*r + 4*r - 4, -2*s + 4*r + 132 = 0. Suppose 5*m = 5*a - s, -m + 90 = 5*a - 2*m. Let i = a - 11. What are the prime factors of i?
2
Suppose -12*u = -16803 - 25557. What are the prime factors of u?
2, 5, 353
Suppose 3*s - 31 = -2*b, 0*b - 4*b - 8 = -4*s. Suppose -3*k = -s*k + 5*h + 285, 0 = k - 4*h - 85. List the prime factors of k.
5, 13
Let l(t) = 2*t**2 - 6*t + 4. Let s be l(1). Suppose s = 8*f - 6*f - 124. What are the prime factors of f?
2, 31
Let s be ((-8)/3)/((-4)/6). Suppose -u = d - s, 3*d - 4*d + 2*u = -1. Suppose -2*z + d*z = 66. What are the prime factors of z?
2, 3, 11
Let b be 2*1*22/(-4). Let k be ((54 + 0)/3)/(-2). Let g = k - b. List the prime factors of g.
2
Suppose 17*x - 21071 - 59951 = 0. List the prime factors of x.
2, 2383
Let i = 3504 + -1553. What are the prime factors of i?
1951
Let c(s) = 23*s**2 + 13*s - 25. List the prime factors of c(-8).
17, 79
Let i(t) = 3*t + 231. Let x be i(0). Let f = -128 + x. What are the prime factors of f?
103
Let a(c) = c**2 + 2*c - 195. List the prime factors of a(55).
2, 3, 5, 7
Let m = 977 + -657. What are the prime factors of m?
2, 5
Let j = -3 + 46. List the prime factors of j.
43
Let p(q) = q**2 - 6*q + 3. Let r be p(5). Let i = 6 - r. Let l(n) = n**2 - 8*n + 6. What are the prime factors of l(i)?
2, 3
Let l be ((-30)/5)/(6/(-76)). Let k = -27 - -31. Suppose -k*s = 5*u - 202, 5*s + 4*u - l = 181. What are the prime factors of s?
53
Let c be (5 - 4/2)/1. Suppose 4*n - c*y - 15 = n, -n - 3 = -5*y. Let d(w) = w**2 - 4*w - 7. List the prime factors of d(n).
2, 7
Suppose 2*s - 7*s - 1125 = 0. Let u = -117 - s. List the prime factors of u.
2, 3
Suppose 7*g + 12971 = 24*g. List the prime factors of g.
7, 109
Suppose i + 2*v - 1250 = 295, -3*i - 3*v + 4641 = 0. List the prime factors of i.
1549
Suppose 0 = k + 27 + 23. Suppose -z + 24 = -3*z. Let y = z - k. List the prime factors of y.
2, 19
Suppose -t + 1351 = -16*k + 12*k, -5*k + 5425 = 4*t. List the prime factors of t.
5, 271
Suppose 5*q - 1255 = -k + 397, -k - 2*q + 1661 = 0. List the prime factors of k.
1667
Let k(z) = -2*z**2 + 3*z + 2. Let u be k(-7). Let j = -60 - u. Let c = j + -28. List the prime factors of c.
29
Let h = 12 + -16. List the prime factors of 58/h*(2 - -2)*-3.
2, 3, 29
Suppose 0 = 10*w - 5*w - 25. Suppose 0 = w*x + 4*r - 948, -2*r = -5*x - 0*r + 966. List the prime factors of x/15*(-30)/(-12).
2
Let y = -110 - 72. Let z = y + 320. List the prime factors of z.
2, 3, 23
Let m = -17 + 20. Let u be 2/m - (-2)/6. List the prime factors of 3 + (1 - (-29)/u).
3, 11
Let q be (5 - 3) + 89/1. Suppose s - 39 = -3*c, -6*c - q = -3*s - 2*c. Suppose k + 5 - s = 0. What are the prime factors of k?
2, 7
List the prime factors of (-250 - 28)/(1/(-2)).
2, 139
Let g(j) = -2 + 0*j + 9*j**2 - 7*j - 3*j**3 + 4*j**3 - 8. Let c be g(-10). List the prime factors of (c/(-50))/(1/30).
2, 3
Let z be (1 + 130)/(6 - 5). Suppose 31 = -2*c + z. List the prime factors of c.
2, 5
Suppose -2*i = 0, -2*c - 12*i = -15*i - 342. What are the prime factors of c?
3, 19
Let k(m) = -23*m - 1. Let l = 3 - 8. List the prime factors of k(l).
2, 3, 19
Let b be 4/(-10) + 177/5. Suppose -k = 2*k + 99. Let d = b + k. List the prime factors of d.
2
Suppose -160*p - 7265 = -165*p. What are the prime factors of p?
1453
Let v(t) = -t**3 + 31*t**2 - 39*t + 56. List the prime factors of v(27).
19, 101
List the prime factors of (-3)/(-24)*934 + (-3)/4.
2, 29
What are the prime factors of (-45)/90*(-1 - 2511)?
2, 157
Let c = 35 + 133. Let z be (-4408)/44 + ((-4)/22)/(-1). Let h = c + z. List the prime factors of h.
2, 17
Suppose -10 = -2*m + 2*b - b, -2*m + 2*b = -14. Suppose -4*w = -m*j - 143 - 71, -106 = -2*w + 2*j. List the prime factors of w.
5, 11
Let g(v) = 13*v + 84. What are the prime factors of g(13)?
11, 23
Suppose 2*k - 5 = 5. Let g be 2/5 + 38*5/25. Suppose 0 = j + 5*o - g, 0 = -4*j + k*j - 4*o - 26. What are the prime factors of j?
2, 3
Let x(t) = -16*t**2 + 24*t - 15. Let g(l) = 3*l**2 - 5*l + 3. Let c(n) = 11*g(n) + 2*x(n). What are the prime factors of c(10)?
3, 11
Suppose -5*w - 11*k = -14*k - 8858, 0 = -3*w + 3*k + 5316. What are the prime factors of w?
7, 11, 23
What are the prime factors of 1*-3*(2860/(-15) + 1)?
569
Let h(s) = -2*s**3 + 2*s**2 + 2*s + 2. Let b be h(-2). Suppose v = b - 5. Suppose 4*j - 65 = -v. What are the prime factors of j?
2, 3
What are the prime factors of (-1)/(10/(-144))*1160/87?
2, 3
Suppose 0*m = -4*y + 3*m + 1287, y = -4*m + 336. What are the prime factors of y?
2, 3
Let a(d) = 7*d + 5. Let z(b) = 8*b + 5. Let l(h) = -6*a(h) + 5*z(h). Let p be l(-4). What are the prime factors of (-16)/4 + 3 + p?
2
Let p = -134 + 138. Suppose -3*y + 745 = p*a, 0 = 3*a - 5 + 2. What are the prime factors of y?
13, 19
Suppose 2*m - 18 = 150. Suppose -y = 3*y + 4*d - m, -47 = -3*y + 5*d. List the prime factors of y.
19
Suppose 36 = -4*w + 2*x, 58 = -4*w - w - 4*x. Let g(f) = -f**2 - 7*f + 3. Let c be g(w). List the prime factors of (-6)/c - 507/(-27).
19
Let z = -11 - -13. Suppose -4*d - m = -0*m - 157, -4*d - z*m + 158 = 0. Suppose k - 4*a + 0*a - d = 0, -3*a = 3*k - 132. List the prime factors of k.
43
Let t = 610 + -93. List the prime factors of t.
11, 47
Let w = 46 - 37. Let o(m) = 3*m - 1. Let r be o(1). List the prime factors of 426/27 + r/w.
2
Suppose -4*s + 3*p - 218 - 1526 = 0, -2*p = 2*s + 886. Let r = -310 - s. Suppose -6*g + 165 + r = 0. What are the prime factors of g?
7
Suppose -4*b = v - 3*v - 1630, 1625 = 4*b - 3*v. List the prime factors of b.
2, 5, 41
List the prime factors of (71 + -67)/((-1)/(-759)).
2, 3, 11, 23
Suppose -8 + 30 = 2*a. Suppose 338 = a*w - 69. What are the prime factors of w?
37
Let r = 5 + 50. Let c = 111 - r. What are the prime factors of c?
2, 7
List the prime factors of 3*(0 + -5 - (-7828)/12).
2, 971
Let f be -7 + 12 + 3*-1. Suppose 2*k - 7 - 10 = 3*d, -3*d - 1 = f*k. What are the prime factors of d/6*19*-2?
19
Let r(j) = j**2 + 2*j + 1. Let o be r(-3). Suppose 0 = -o*h - 22 + 2. What are the prime factors of 2/h - (-572)/55?
2, 5
Suppose 6*c = -c + 980. List the prime factors of c.
2, 5, 7
Let y = 14 - 10. List the prime factors of ((-27)/30*y)/(2/(-80)).
2, 3
Let x = -431 - -1318. Let d = x - 1272. List the prime factors of (-2)/4 - d/10.
2, 19
Let q be 4/2*(7 + -5). Suppose -26 = 4*c - q*u + 2*u, -4*c - 2*u - 14 = 0. List the prime factors of (c/10)/(4/(-88)).
11
Suppose 14 = 4*l - 0*l + j, 2*l + 5*j = -2. Suppose -l*m - 11 - 1 = 0. What are the prime factors of (3/2)/(m/(-54))?
3
Let n = 98 + -52. Suppose n + 4 = -5*c. Let m = 2 - c. What are the prime factors of m?
2, 3
Let p = -1 + -5. Let s be 12 - (-4 - -1 - -1). What are the prime factor